multiple of 48?
False
Does 15 divide 1526161981?
False
Is 11671179 a multiple of 13?
True
Is 65493567 a multiple of 11?
False
Does 4 divide 56360665?
False
Is 18747197 a multiple of 42?
False
Does 428 divide 221002080?
True
Is 34 a factor of 2293617118?
True
Does 16 divide 523400592?
True
Is 27750060 a multiple of 180?
True
Does 327 divide 110849730?
True
Does 10 divide 1524850500?
True
Does 65 divide 349641500?
True
Does 179 divide 1058054859?
True
Does 48 divide 591106848?
True
Is 7059165 a multiple of 95?
True
Does 5 divide 50614442?
False
Is 10 a factor of 17389120?
True
Is 233 a factor of 51885493?
False
Is 96 a factor of 202446336?
True
Does 1107 divide 1456062477?
False
Is 8 a factor of 29046320?
True
Is 1231827711 a multiple of 199?
True
Is 16846650 a multiple of 9?
True
Is 657488 a multiple of 754?
True
Does 1607 divide 225128780?
False
Is 1942654599 a multiple of 1983?
False
Is 68972286 a multiple of 39?
False
Does 866 divide 725448200?
True
Is 1823962081 a multiple of 2526?
False
Is 69767633 a multiple of 27?
False
Is 336 a factor of 27185695?
False
Is 41 a factor of 23486551?
False
Is 1232899376 a multiple of 19?
False
Does 19 divide 11933425?
True
Is 1566 a factor of 2405502846?
True
Is 2210 a factor of 395000878?
False
Does 202 divide 59335278?
True
Is 1639 a factor of 1726182525?
False
Is 12 a factor of 4719340080?
True
Is 166 a factor of 38420387?
False
Is 4461834 a multiple of 77?
False
Is 65789031 a multiple of 51?
True
Is 11133363 a multiple of 373?
False
Is 85 a factor of 471531375?
False
Is 21681228 a multiple of 12?
True
Does 61 divide 279053833?
True
Is 19722654 a multiple of 460?
False
Is 304 a factor of 155205376?
True
Does 7 divide 1290715510?
True
Is 285 a factor of 2670565?
False
Is 522344346 a multiple of 59?
True
Does 15 divide 20316120?
True
Is 5616908 a multiple of 28?
False
Is 2469 a factor of 153337867?
False
Is 43 a factor of 9657929?
True
Does 82 divide 111114806?
False
Is 49 a factor of 2021623233?
True
Is 24 a factor of 37354200?
True
Is 15378828 a multiple of 228?
True
Is 25 a factor of 22595153?
False
Is 3631 a factor of 56719851?
True
Does 358 divide 45882378?
False
Is 41 a factor of 890806508?
True
Is 87 a factor of 21683804?
False
Does 5 divide 697626825?
True
Is 28263715 a multiple of 2220?
False
Does 77 divide 593728366?
True
Is 21 a factor of 2252915251?
False
Does 101 divide 248752845?
False
Is 7819503 a multiple of 27?
False
Is 54931052 a multiple of 209?
True
Is 21 a factor of 1450905351?
True
Is 5703875521 a multiple of 7497?
False
Is 682 a factor of 90329536?
True
Is 8912 a factor of 2522769196?
False
Is 4 a factor of 83973070?
False
Is 94690017 a multiple of 835?
False
Is 186505409 a multiple of 3415?
False
Does 11373 divide 859402765?
False
Is 367323834 a multiple of 84?
False
Is 23676062 a multiple of 26?
False
Is 2 a factor of 11347219?
False
Does 43 divide 1648850576?
False
Does 16 divide 51543103?
False
Does 17 divide 42631835?
True
Does 55 divide 454864355?
True
Does 51 divide 177533031?
False
Does 109 divide 190190508?
False
Does 90 divide 63094169?
False
Does 29 divide 108956160?
False
Is 388 a factor of 1004731432?
True
Does 596 divide 29358364?
True
Is 3 a factor of 16844122?
False
Is 260 a factor of 433485831?
False
Is 2546 a factor of 46227722?
True
Is 71488305 a multiple of 735?
True
Is 545 a factor of 37764140?
True
Is 94 a factor of 1027207748?
True
Is 55674416 a multiple of 750?
False
Does 536 divide 677706072?
True
Is 4854867 a multiple of 149?
True
Is 19 a factor of 200814153?
False
Does 7330 divide 2070893590?
True
Does 25 divide 430157936?
False
Is 3185 a factor of 789430208?
False
Is 75 a factor of 279406425?
True
Is 150 a factor of 111292650?
True
Is 270 a factor of 23174855?
False
Is 18581976 a multiple of 207?
True
Is 66172546 a multiple of 342?
False
Is 5265777 a multiple of 18?
False
Is 65521765 a multiple of 2?
False
Is 20874930 a multiple of 76?
False
Is 522367920 a multiple of 240?
True
Does 371 divide 79494912?
True
Does 141 divide 19787529?
False
Is 510479826 a multiple of 4467?
True
Does 22 divide 25966126?
False
Is 203287110 a multiple of 346?
True
Is 363 a factor of 27472203?
True
Is 8129 a factor of 1530284250?
True
Is 1598 a factor of 23242910?
True
Is 6 a factor of 14227338?
True
Is 74 a factor of 1894748036?
False
Is 144 a factor of 526038624?
True
Does 1837 divide 621989830?
True
Is 365 a factor of 575811955?
True
Is 100774480 a multiple of 1985?
True
Is 53 a factor of 6877986?
False
Does 81 divide 41735574?
True
Does 2546 divide 1656155209?
False
Is 373999910 a multiple of 30?
False
Is 279 a factor of 33804756?
True
Is 242596875 a multiple of 15?
True
Is 330070185 a multiple of 13?
False
Does 10 divide 4836920?
True
Is 40712212 a multiple of 34?
True
Is 479 a factor of 121934776?
False
Is 787 a factor of 48156227?
False
Is 3638 a factor of 688677038?
True
Does 5678 divide 193176916?
True
Is 5 a factor of 17756720?
True
Does 28 divide 376630721?
False
Is 800 a factor of 268323330?
False
Is 10744765 a multiple of 24?
False
Is 27474838 a multiple of 2?
True
Does 369 divide 3381448842?
True
Does 349 divide 135830699?
False
Is 16 a factor of 40837376?
True
Does 247 divide 97105333?
True
Does 13 divide 274099745?
False
Is 11560516 a multiple of 351?
False
Is 66666824 a multiple of 203?
True
Is 7857 a factor of 2834206821?
False
Is 2585 a factor of 1112616451?
False
Does 79 divide 708292340?
False
Is 2116 a factor of 9838652?
False
Does 1802 divide 2181975126?
True
Is 116 a factor of 21649892?
True
Is 269361426 a multiple of 6?
True
Is 709 a factor of 14255154?
True
Does 433 divide 22264860?
True
Is 73605161 a multiple of 29?
True
Does 1748 divide 181798992?
True
Does 143 divide 1680362634?
False
Is 238668584 a multiple of 77?
True
Is 5651 a factor of 545200746?
False
Is 1378 a factor of 189601776?
True
Does 830 divide 1554252190?
True
Is 599945321 a multiple of 13?
False
Does 1148 divide 15499017?
False
Is 903535139 a multiple of 198?
False
Is 141229790 a multiple of 131?
True
Does 1462 divide 2834888616?
False
Is 38719520 a multiple of 35?
True
Is 22072274 a multiple of 5?
False
Is 33 a factor of 48523728?
True
Does 18 divide 10018458484?
False
Does 265 divide 154231060?
True
Is 74 a factor of 304261879?
False
Does 574 divide 7790781?
False
Is 594 a factor of 75393462?
False
Does 5 divide 831324290?
True
Is 10351174 a multiple of 10?
False
Is 161 a factor of 627615676?
False
Does 2103 divide 294766995?
True
Is 1553165 a multiple of 1058?
False
Is 18 a factor of 66245940?
True
Is 2601 a factor of 52639872?
False
Does 82 divide 68680904?
True
Is 21 a factor of 4588838016?
True
Is 749 a factor of 33451838?
True
Does 168 divide 29674418?
False
Is 207 a factor of 191717190?
True
Is 157777066 a multiple of 3329?
False
Does 369 divide 52552980?
True
Is 9504924363 a multiple of 5727?
True
Does 3358 divide 203645910?
True
Is 39407148 a multiple of 198?
True
Does 16 divide 32632281?
False
Does 170 divide 18275798?
False
Is 2942806874 a multiple of 12?
False
Does 9 divide 1665586446?
False
Does 239 divide 40547067?
True
Is 2302 a factor of 1601637218?
True
Is 595143630 a multiple of 9?
True
Is 7591294173 a multiple of 1283?
True
Is 858799200 a multiple of 34?
True
Is 2130294 a multiple of 2?
True
Does 11 divide 43518805?
True
Does 139 divide 46068353?
True
Does 82 divide 2242893?
False
Is 333 a factor of 2062016253?
True
Is 544 a factor of 25711616?
True
Is 2528547 a multiple of 146?
False
Is 19 a factor of 1621403?
True
Is 52200734 a multiple of 210?
False
Is 429273277 a multiple of 496?
False
Is 40269537 a multiple of 63?
True
Does 12 divide 8531298?
False
Is 7089 a factor of 7366690308?
True
Is 38769760 a multiple of 827?
True
Is 780910542 a multiple of 58?
False
Does 2896 divide 427984738?
False
Does 17 divide 320146925?
False
Is 1068561 a multiple of 308?
False
Is 467384197 a multiple of 246?
False
Does 18 divide 197436240?
True
Is 1747 a factor of 242012471?
False
Is 87200244 a multiple of 3?
True
Is 2015 a factor of 344198270?
True
Does 5 divide 4761756?
False
Is 1487626302 a multiple of 595?
False
Is 49 a factor of 458236474?
False
Is 17 a factor of 290458090?
True
Is 4 a factor of 150284909?
False
Does 166 divide 817095494?
False
Is 109757712 a multiple o